at is the highest common factor of p and 5?
5
Let c(g) = g**3 + 2*g**2 - 3*g + 4. Let a be c(-3). Let s = -24 + 56. What is the highest common factor of a and s?
4
Suppose 0 = -2*p - 20 + 218. Suppose -l - 34 = -3*y, 4*y - 14 = 3*y + 3*l. What is the highest common divisor of y and p?
11
Suppose 4*j - j = 9. Let n be 2*j/((-6)/(-40)). Let k be ((-13 + 8)*-12)/(2/2). Calculate the highest common divisor of n and k.
20
Let t(u) = u**3 - 5*u**2 + 5*u - 10. Let y be t(7). Let l be y/5 - 6/(-15). Suppose -2*v = 1 - l. What is the greatest common factor of 12 and v?
12
Let u = 45 - 24. Let j be (56/12)/((-12)/(-18)). What is the greatest common factor of u and j?
7
Let g(w) = w**2 - 2*w + 11. Let r = -17 + 17. Let x be g(r). What is the greatest common factor of 77 and x?
11
Let a = -19 - -31. Calculate the highest common factor of 156 and a.
12
Suppose 7 + 5 = 3*k. Let c(p) = -p**2 + 5*p + 3. Let o be c(k). Let n(y) = -y**2 - y + 14. Let f be n(0). What is the highest common divisor of o and f?
7
Let c(t) = 4*t**2 + 5*t - 3. Let m = -1 + 4. Let s be c(m). What is the greatest common factor of 12 and s?
12
Suppose -35 = -2*c + 3*g, -3*c + 0*g + g + 49 = 0. Calculate the highest common factor of c and 112.
16
Let j(f) = -8*f - 16. Let w be j(-12). What is the greatest common divisor of 32 and w?
16
Let y(f) = 55*f. Suppose 2*a = 4*v - 18, -5*a = 5*v - 4*v - 10. Let w be y(a). Calculate the greatest common factor of w and 22.
11
Let b = -37 - -15. Let l be (21/(-28))/((-1)/48). Let i = l + b. Calculate the greatest common divisor of 56 and i.
14
Let i = -1 - -1. Suppose -2*m + 5*m - 285 = i. Let y = 110 + -72. What is the highest common divisor of m and y?
19
Let m = -101 - -125. What is the greatest common factor of m and 30?
6
Suppose -7 = -2*z - 3. Suppose -4*a + c - 11 = -30, -2*a - 2*c = -z. Let g = 53 - 37. Calculate the highest common factor of g and a.
4
Suppose -15 = -6*i + 3*i. Suppose -4*o + 5*x - 2*x + 64 = 0, 2*o = -i*x + 32. Let l be 668/6 + 4/6. What is the highest common factor of o and l?
16
Let a = -45 - -117. Calculate the greatest common factor of a and 180.
36
Let y = 77 - 65. What is the greatest common factor of y and 9?
3
Suppose 3*j - 19 = 26. Let g = 33 - 18. Calculate the greatest common divisor of g and j.
15
Suppose 4*o + 4*a = 24, 3*a = -2*o + 3*o - 2. Calculate the greatest common divisor of 65 and o.
5
Let g(h) = 3*h**3 - h**2 - h + 3. Suppose 0 = -2*q + 5 + 1. Let z be g(q). Suppose 0 = -34*v + 332 - 60. What is the highest common factor of v and z?
8
Let i = 30 + -48. Suppose -90 = -3*g + 4*q, -2*g + 55 = -q - 10. Let f = i + g. What is the greatest common divisor of f and 8?
8
Suppose 3*g + 105 = -0*g. Let b be 14/g - 404/(-10). Suppose -4*y - 4*m = -48, -2*y + 3 = -m - 9. Calculate the greatest common divisor of y and b.
8
Let c(d) = -5*d - 50. Let h be c(-22). What is the greatest common divisor of 15 and h?
15
Suppose -3*y - 73 = -k + 13, 4*k = 5*y + 330. Calculate the greatest common divisor of k and 16.
16
Suppose 3*k - 17 - 16 = 0. What is the highest common divisor of 121 and k?
11
Let b = 27 + -8. Calculate the greatest common factor of 57 and b.
19
Let x be -5*((-12)/2 + 4). Calculate the greatest common factor of 1 and x.
1
Let y be ((-20)/(2 + 0))/((-7)/154). What is the greatest common factor of y and 20?
20
Let n(m) = -2*m - 4. Let c be n(-3). Suppose l - 15 = -c*l. Suppose 3*r - r = 4, -l*r = 3*f - 82. What is the highest common factor of f and 36?
12
Suppose -f - 3*l + 25 = 0, 3*l = f + 2*l - 9. Let h(n) = -4*n - 15 + f + n**2 + 8. Let o be h(5). What is the highest common factor of 11 and o?
11
Suppose 0*h - 68 = c + h, -152 = 2*c - 2*h. Let o = 81 - c. Calculate the highest common divisor of o and 17.
17
Let n(w) = 4*w**3 - 3*w**2 + 2. Let y be n(2). What is the highest common factor of y and 176?
22
Let n be (-4 - 1)*(-4 - -3). Suppose -n = -m + 5. What is the greatest common divisor of m and 10?
10
Suppose 0 = 3*n + 2*z - 38, n + 3*z - 3 = 5. Calculate the greatest common divisor of 126 and n.
14
Let c = 68 + -63. Let b(h) = 32*h**3 + 3*h - 2. Let v be b(2). Suppose -r = -c*r + v. What is the highest common divisor of 13 and r?
13
Suppose 5*v + 4*l + 61 = -105, -5*v + 4*l - 134 = 0. Let m = -21 - v. What is the greatest common divisor of 3 and m?
3
Suppose 4*u - 95 = 345. What is the highest common divisor of 10 and u?
10
Let v be -2 + 1 - ((-12)/(-3) - 15). Calculate the highest common divisor of v and 30.
10
Let y = -19 + 79. What is the highest common divisor of y and 15?
15
Let w(v) = 4*v + 43. Let l be w(-9). Suppose 2*c + o + 3 + 3 = 0, 2*o + 4 = 4*c. Let r be 41 + (-3 - c) + 3. What is the greatest common factor of r and l?
7
Let n(i) = 3*i**2 + 2*i + 12. Let x be n(-5). Calculate the highest common divisor of 11 and x.
11
Let j be 3/12 + (-90)/8. Let o be 1/((j/(-12))/11). Calculate the greatest common factor of o and 8.
4
Let t be 2/(-12) + (-200)/(-48). What is the highest common factor of 44 and t?
4
Suppose -38 - 22 = -4*y. Suppose -i + 6*i = 50. Calculate the highest common divisor of y and i.
5
Let n(p) = p**3 - p + 30. Let z be n(0). Let k be 3062/(-17) + 2/17. Let t be (-2)/(16/k)*2. What is the greatest common factor of z and t?
15
Let d = -55 - -81. Let t be (-4)/d - 82/(-26). Suppose -3*u + 8*u + 195 = t*q, u = 0. What is the highest common divisor of 26 and q?
13
Let f = 10 - -2. Let s = 150 + -54. What is the greatest common factor of f and s?
12
Let t = -463 - -724. What is the highest common factor of t and 29?
29
Let i(x) = 2*x**3 - x**2 - 2. Let r be i(2). Let u be -3*3/(-6)*r. What is the highest common factor of 90 and u?
15
Suppose -3*w + 73 = 2*y, -2*w + 4*y = 4 - 26. What is the greatest common divisor of 168 and w?
21
Let r be (20/14)/((-4)/(-28)). Let u be (40/25)/(2/r). Let w(s) = -s**3 + 10*s**2 - 9*s + 4. Let o be w(u). Calculate the highest common factor of o and 15.
15
Let s(b) = 13*b**2 + b. Suppose -2 = -5*g + 3. Suppose -4*y - 4*i + 4 = 0, 3*y - i - g = 6*y. Let v be s(y). Calculate the highest common divisor of v and 8.
4
Let l(q) = -14*q - 28. Let s be l(-3). Calculate the highest common divisor of 154 and s.
14
Let a = -4 - -8. Let j be 3*(1 - a - -4). Let h(y) = 2*y**2 + 4*y + 3. Let i be h(-3). Calculate the highest common factor of j and i.
3
Let s be (-3 - -4)*(-1 - -2). Let h = s - -1. Suppose h*a + a = 27. Calculate the highest common factor of a and 54.
9
Let o = 75 + -69. Let s be (-6)/8*1*-12. Calculate the highest common divisor of o and s.
3
Let n be 4/6*81/2. What is the highest common divisor of n and 108?
27
Suppose -111 = -k + 76. What is the greatest common divisor of k and 17?
17
Suppose -17 = -5*f - 2*j - 0*j, -4*f + 5*j = -40. Let x be 27/f + 6/(-15). Suppose -59 = -x*q + 466. What is the highest common factor of 15 and q?
15
Suppose -5*s = 2*a - 19, 3*a + 25 = 6*a + 4*s. Suppose 0 = -d + 4*j + 2, 0 = 2*d - 3*d + j + 11. What is the highest common divisor of d and a?
7
Suppose 16 = 2*u + 4*q, -5*u + 14 = 4*q - 8. Suppose v - 2*i = 12, 3*v - 40 = -0*i + u*i. Calculate the greatest common factor of v and 154.
14
Suppose -p + 23 = 5*b - 6, -3*b + 23 = 2*p. Let z be (-2)/(-4)*(0 + -2). Let u be (z/2)/((-3)/30). Calculate the highest common factor of u and b.
5
Suppose -b + 6*b = 300. Calculate the greatest common divisor of 30 and b.
30
Suppose 5*u - 137 = -4*c, 3*u - 4*u = -5. Let k be 72 + 0 - (3 + -1). Calculate the greatest common divisor of c and k.
14
Suppose 0*n = n - 5. Suppose -6*g + g = -n*l - 320, 4*g + 2*l = 232. Calculate the greatest common divisor of g and 15.
15
Suppose 0 = 3*k + k - 120. Calculate the greatest common divisor of 10 and k.
10
Suppose -3*s - 1 + 13 = 0. Suppose s*v - 205 - 179 = 0. Calculate the highest common factor of 12 and v.
12
Suppose 0 = -2*x - 2*l + 7*l + 33, -2*l = -2*x + 42. Let b be (-5)/(-15) - 28/(-6). Suppose b*a = 2*a + 18. Calculate the greatest common factor of x and a.
6
Let m(a) = -5*a**2 + 20*a**2 + 10*a - 1 + 4 + a**3 - 4*a**2. Let b be m(-10). What is the greatest common factor of 6 and b?
3
Let j(v) = 3*v**2 + 4*v - 15. Let d be j(-5). Calculate the highest common factor of d and 5.
5
Let f(k) = -20*k + 1. Let h be f(-3). Let l = h - 35. Let i = -82 - -121. What is the highest common